hat is the highest common factor of 27 and d?
3
Suppose 5*c - 78 = 162. What is the greatest common factor of 24 and c?
24
Suppose -5 = -n, 2*n = 5*x - 2*n - 20. What is the greatest common factor of x and 2?
2
Let u be (-28)/6*144/(-42). What is the highest common divisor of 2 and u?
2
Let l be ((-3 - -4) + 1)*2. Suppose u = 5*u, -3*n - 2*u - 18 = 0. Let k be (-6)/4*80/n. Calculate the greatest common factor of k and l.
4
Suppose 5*j = -5*k + 5, 3*k = -0*k + 5*j + 19. Calculate the greatest common divisor of k and 10.
1
Let r be (2/(-8))/(8/(-32)). What is the greatest common divisor of 11 and r?
1
Suppose 5*p + 3*q = 45, 0 = 5*p - 4*q - 29 - 16. Calculate the highest common divisor of p and 27.
9
Let g be (-2)/((-8)/60 + 16/(-60)). What is the highest common divisor of 35 and g?
5
Let j(w) = 0*w**3 + 2 + w**3 - 13. Let t be j(0). Let l = -7 - t. What is the greatest common factor of 4 and l?
4
Suppose 144 = 4*i - 324. Suppose 4*p + 4*p = 104. What is the greatest common factor of i and p?
13
Suppose -2*i + 4*i = 12. Let d be (i/8)/(2/96). What is the greatest common divisor of d and 18?
18
Let v = -15 + 21. Let r = v + -1. Suppose -4*t + t - 23 = -2*b, -r*t + 70 = 5*b. What is the highest common factor of 52 and b?
13
Let j(d) = -3*d + 2. Let z be j(-4). Let y = z - 5. Calculate the highest common divisor of y and 9.
9
Let y = 4 + 1. Suppose y*c + 60 = 150. What is the greatest common factor of 27 and c?
9
Let h(i) = -i**3 + 55. Let g be 6/(-9) - 2/(-3). Let c be h(g). Calculate the highest common divisor of c and 11.
11
Let z = 74 + -65. What is the greatest common factor of 3 and z?
3
Suppose 2*n - 69 = -3*u + 99, -3*u - 252 = -3*n. Calculate the highest common factor of n and 12.
12
Suppose -4 = l - 19. Let w = 1 - -2. What is the greatest common divisor of l and w?
3
Let p = 20 + -15. What is the highest common divisor of 35 and p?
5
Suppose 0 = -k + 6*k - 30. Let q(z) = 5*z**2 + 3*z - 6. Let v be q(k). What is the greatest common factor of 24 and v?
24
Let r(m) = -m**2 - m + 14. Let t be r(0). Suppose 42 + 0 = 3*w. Calculate the greatest common factor of t and w.
14
Suppose 0 = 72*y - 74*y + 306. Calculate the greatest common divisor of 17 and y.
17
Suppose q + 2 = 2*m, 4*m - 6 = 2*q - q. Suppose w + 0*i = 4*i + 27, 0 = 3*w + q*i - 25. Calculate the greatest common factor of w and 88.
11
Let t be 1*(-4)/4*27. Let u be 4110/27 - (-6)/t. Calculate the highest common factor of u and 19.
19
Let a be 3 - (-1 - (-2 - -4)). Let u be (-1)/2*a/(-3). What is the greatest common divisor of u and 7?
1
Let c(b) = -2*b**3 + b**2 - 3*b - 2. Let l be c(-2). Let u be 167 + 1*(3 + -2). What is the greatest common divisor of u and l?
24
Let h be (-90)/(-27)*18/5. Let l be (-2 + -61)*(-4)/h. Suppose 353 = 2*u + 5*z, 0 = 3*u + z - 269 - 293. What is the highest common factor of u and l?
21
Let a(g) = 2*g + 3. Let k be a(-7). Let b = k - -6. Let v(l) = -6*l + 6. Let y be v(b). Calculate the highest common factor of y and 12.
12
Let u be (-384)/14*(-105)/10. What is the greatest common divisor of u and 36?
36
Let t = 2 + 10. Suppose 4*a - 5*h - t = 3*a, 0 = -4*a - 5*h + 48. What is the greatest common factor of 36 and a?
12
Let l = -408 + 603. Calculate the highest common factor of l and 39.
39
Let x = 8 + 17. Calculate the greatest common factor of 15 and x.
5
Let p be (-80)/(-5)*(10/4 - 2). Suppose -a - 3*a = -288. Calculate the greatest common divisor of p and a.
8
Suppose -g + 1 = -3. Suppose 2*y - 14 = -3*d + y, -2*d = g*y - 26. Calculate the greatest common factor of 24 and d.
3
Let y be 99 + (1 - 1) - 0. Calculate the highest common factor of 11 and y.
11
Suppose 18*l = 21*l - 435. Calculate the highest common factor of l and 29.
29
Let c = 131 + -82. Calculate the greatest common factor of c and 7.
7
Suppose 3*y - 5*y = -44. Suppose -4*p = -4*g - 2*p - 20, -3*p - 25 = 5*g. Let v be (0 - (-3 - g))/(-1). Calculate the highest common divisor of y and v.
2
Let p = 20 + -13. Suppose -150 = 4*m - p*m. What is the highest common factor of 10 and m?
10
Suppose -i = -3*b + 14, 2*b - 3*i - 17 = -2*b. What is the greatest common divisor of 95 and b?
5
Suppose 12 + 9 = 3*x. Calculate the greatest common factor of 63 and x.
7
Suppose 0 = a - 14 + 6. What is the greatest common factor of a and 8?
8
Suppose 2*r + 4*t = r + 31, 0 = -2*r + t + 107. Suppose 96 = l - r. Calculate the greatest common factor of l and 21.
21
Let v(p) be the first derivative of p**3/3 - 3*p**2 - 4*p + 2. Let l be v(7). What is the greatest common divisor of 27 and l?
3
Let x(j) = -2*j**3 - 4*j**2 + j + 2. Let m be x(-3). Suppose 409 = 3*g - d, -3*g + 3*d = d - 410. Calculate the highest common divisor of g and m.
17
Suppose 2 = -t + 11. What is the highest common factor of t and 72?
9
Suppose 28 = 5*c - 3*c. Let s be 111 - (-1)/(4/4). What is the highest common factor of c and s?
14
Let g be 2/8 + 158/8. Let m(k) = -5*k - 42. Let x be m(-10). Calculate the highest common factor of x and g.
4
Let y be 1 - (2 - (4 + -2)). Calculate the greatest common factor of 5 and y.
1
Let k be 0*-3*1/(-9). Let x(o) = -o + 5. Let z be x(k). Suppose -9 = -2*i - f + 68, -155 = -5*i + z*f. What is the highest common divisor of i and 12?
12
Suppose q - 10 = -3. Calculate the highest common factor of 77 and q.
7
Let c be (-1239)/(-18) + 1/6. Calculate the highest common factor of 46 and c.
23
Suppose -j + 3*c = -1 + 6, 0 = -3*j - 5*c + 27. Suppose p + 3*w = 39, j*p + 12 = 5*w + 168. What is the highest common divisor of p and 26?
13
Let n(q) = -q**3 + 2*q + 5 - 3*q**2 - 2 + 6*q**2. Let f be n(3). Calculate the greatest common divisor of f and 81.
9
Let r be (36/(-21))/(8/(-28)). Let g be 43 - (1 - -1)*-1. Let k be 105/((g/r)/5). What is the highest common divisor of k and 28?
14
Let k be (2/(-6))/(10/(-330)). Suppose -11 = 2*c - 33. Calculate the greatest common factor of c and k.
11
Let o be (-105)/10*2/(-3). Suppose -5*l = -2*s - s - 3, 4*s = 3*l + o. Suppose -2*k + l*k + 4*t = 0, 4 = -2*t. Calculate the greatest common factor of 88 and k.
8
Let o(s) = s**2 - 3*s - 4. Let c be o(5). Let d = c + 5. Let m be (-2)/(-4) + d/2. Calculate the highest common divisor of 2 and m.
2
Suppose 6*b = -6 + 24. Let a be b/3 + 2 - -90. Calculate the greatest common factor of a and 62.
31
Suppose -3*x - x + 168 = 0. Suppose 2*y - 168 = -3*d, -4*d + 5*y + 168 = -d. Suppose d = -b + 3*b. Calculate the highest common factor of b and x.
14
Suppose -3*b + 1 + 17 = 0. Let u = b + 10. Let f = -10 + u. What is the highest common divisor of 30 and f?
6
Suppose -2*m + 104 = -0*m. Let g be m/3 + 8/12. What is the greatest common factor of g and 6?
6
Let i(m) = m**3 - m**2 - 5*m + 2. Let h be i(3). Calculate the greatest common divisor of 40 and h.
5
Let s(q) = q + 25. Let f be s(-9). Calculate the greatest common divisor of f and 2.
2
Let r be -5 + 5 + (-90)/(-5). What is the highest common factor of r and 18?
18
Let t(x) = -x**2 - x - 3. Let g be t(0). Let w = 7 - g. Suppose -f - 4 = -5*v, -f - v = 2 - w. Calculate the greatest common factor of f and 4.
2
Suppose 0 = 6*z - 5*z - 20. Calculate the highest common divisor of 110 and z.
10
Let y(h) = -h**2 - 7*h + 3. Let k be y(-7). Suppose k*a - 6*a = -54. Let g(u) = u**2 + 144. Let d be g(0). What is the greatest common divisor of d and a?
18
Let m = 70 + -13. Suppose -6*y + 4*o = -5*y - 201, o - 963 = -5*y. Suppose 5*p - y = -3. What is the highest common factor of p and m?
19
Suppose 1 = -0*u + u. What is the highest common divisor of 1 and u?
1
Let o be 32 - (6/2 - 1). Suppose 4*i - 22 = o. What is the greatest common divisor of 13 and i?
13
Let l = 29 - 21. Let s = l - 7. Let n be 1/s*7 + 2. Calculate the highest common factor of n and 63.
9
Suppose -42 = -2*l + 4*m, -2*l + 12 = 4*m - 22. Let o = 128 + -90. Calculate the greatest common factor of o and l.
19
Suppose 0 = -4*s + 6 + 6. Suppose s*g - 27 = -3*n, 2 = 3*g - 4*n + 10. Let i = 5 + 7. Calculate the greatest common divisor of i and g.
4
Let s(v) = -2*v - 8. Let j be s(6). Let y be ((-6)/5)/(8/j). Suppose 5*w = -m + 15, y*m - 2*w = 116 - 37. Calculate the greatest common divisor of 10 and m.
5
Let h be 135/(-60)*8/(-6). Calculate the greatest common divisor of h and 3.
3
Suppose -r = 3*r - 80. Suppose -r = -2*v - 3*v. Calcu